{"id":1176,"date":"2023-03-30T19:01:41","date_gmt":"2023-03-30T17:01:41","guid":{"rendered":"https:\/\/iden3d.com\/spiritualite-appliquee\/?page_id=1176"},"modified":"2024-03-30T17:37:59","modified_gmt":"2024-03-30T16:37:59","slug":"le-choix-de-la-joie","status":"publish","type":"page","link":"https:\/\/iden3d.com\/spiritualite-appliquee\/le-chemin-spirituel\/le-choix-de-la-joie\/","title":{"rendered":"Le choix de la joie"},"content":{"rendered":"\n<h2 class=\"has-text-align-left wp-block-heading\">Commentaires sur le livre \u00ab\u00a0Le choix de la joie\u00a0\u00bb<\/h2>\n\n\n\n<blockquote class=\"wp-block-quote\"><p>Livre : <strong>Le choix de la joie<\/strong>   <em>Auteur<\/em><strong><em>: <\/em>Laurent L\u00e9vy   <\/strong>Editeur:<strong> Lulu<\/strong><\/p><\/blockquote>\n\n\n\n<h3 class=\"wp-block-heading\">Contexte<\/h3>\n\n\n\n<p>L&rsquo;autre jour je promenais mon chien \ud83d\udc15\u200d\ud83e\uddba dans un endroit bucolique et ensoleill\u00e9\ud83c\udf31\u2600\ufe0f. J&rsquo;\u00e9tais heureux et lui aussi. Je me disais que si tous les instants que je vis \u00e9taient aussi joyeux, j&rsquo;atteindrais facilement le bonheur ici.<br>Mais bien s\u00fbr !!\ud83e\udd29 Il suffit de choisir d&rsquo;\u00eatre en joie !\ud83d\ude04 Un Cours d&rsquo;Amour nous dit que nous avons toujours le choix et nous invite \u00e0 choisir l&rsquo;amour chaque fois. L&rsquo;amour c&rsquo;est un peu abstrait; mais la joie est un ressenti directement \u00e0 notre port\u00e9e et elle est souvent une expression de l&rsquo;amour. Il suffit peut-\u00eatre de choisir la joie \u00e0 chaque moment pour \u00eatre dans l&rsquo;Amour et nous retrouver en permanence.<br>En revenant de la promenade, il me vint \u00e0 l&rsquo;esprit que j&rsquo;avais d\u00e9j\u00e0 lu un post sur le sujet de la joie. Je l&rsquo;ai retrouv\u00e9 et il nous oriente vers une vid\u00e9o de Laurent L\u00e9vy intitul\u00e9e: \u00ab\u00a0<a href=\"https:\/\/www.youtube.com\/watch?v=AFtGxhpOGtE\"><em>Etre et Offrir sa Joie<\/em><\/a>\u00ab\u00a0.  Et de fil en aiguille on \u00e9coute d&rsquo;autres vid\u00e9os de Laurent L\u00e9vy sur le th\u00e8me de la joie et on voit qu&rsquo;il propose un livre dont le titre est <em>\u00ab\u00a0<a href=\"https:\/\/www.laurent-e-levy.com\/le-choix-de-la-joie\">Le choix de la joie<\/a>\u00a0\u00bb <\/em>.<\/p>\n\n\n\n<p><br>Je me le suis procur\u00e9 et je l&rsquo;ai lu.<\/p>\n\n\n\n<h3 class=\"wp-block-heading\">Voici ce qui m&rsquo;a interpell\u00e9 lors de cette lecture:<\/h3>\n\n\n\n<p>C&rsquo;est un livre d\u00e9coiffant ! \ud83d\udeeb<\/p>\n\n\n\n<p>Le titre est \u00ab\u00a0Le choix de la joie\u00a0\u00bb et le sous-titre \u00ab\u00a0Une nouvelle fa\u00e7on de vivre\u00a0\u00bb. On trouve bien ces deux composantes dans le livre.<\/p>\n\n\n\n<h4 class=\"wp-block-heading\">\ud835\udddf\ud835\uddf2 \ud835\ude01\ud835\uddf5<strong>\u00e8<\/strong>\ud835\uddfa\ud835\uddf2 <strong>\u00ab\u00a0\ud835\udde1\ud835\uddfc\ud835\ude02\ud835\ude03\ud835\uddf2\ud835\uddf9\ud835\uddf9\ud835\uddf2 \ud835\uddf3\ud835\uddee\u00e7\ud835\uddfc\ud835\uddfb \ud835\uddf1\ud835\uddf2 \ud835\ude03\ud835\uddf6\ud835\ude03\ud835\uddff\ud835\uddf2\u00a0\u00bb<\/strong> est tr\u00e8s d\u00e9velopp\u00e9. On y trouve les notions suivantes :<\/h4>\n\n\n\n<ul><li>Une fa\u00e7on de vivre en \ud835\uddfa\ud835\uddfc\ud835\uddf1\ud835\uddf2 \u00ab\u00a0\ud835\uddfd\ud835\uddff\ud835\uddf2\ud835\ude00\ud835\uddfe\ud835\ude02\ud835\uddf2\u00a0\u00bb : c&rsquo;est notre fa\u00e7on de vivre la plus classique : une chose apr\u00e8s l&rsquo;autre, progression, construction, temps lin\u00e9aire\u2026 Nous sommes toujours presque arriv\u00e9s \u00e0 notre but, \u00e0 notre accomplissement, mais pas encore tout \u00e0 fait\u2026<\/li><li>Une fa\u00e7on de vivre en \ud835\uddfa\ud835\uddfc\ud835\uddf1\ud835\uddf2 \u00ab\u00a0\ud835\uddf1\u00e9\ud835\uddf7\u00e0\u00a0\u00bb : nous imaginons un \u00e9tat d\u00e9j\u00e0 accompli, dans lequel nous aimerions \u00eatre. Nous le choisissons et nous laissons les choses se d\u00e9rouler pour atteindre cet \u00e9tat.<\/li><\/ul>\n\n\n\n<h4 class=\"wp-block-heading\">\ud835\udddf\ud835\uddee \ud835\uddfb\ud835\uddfc\ud835\ude01\ud835\uddf6\ud835\uddfc\ud835\uddfb \ud835\uddf1\ud835\uddf2 \ud835\uddf0\ud835\uddf5\ud835\uddfc\ud835\uddf6\ud835\ude05 intervient \u00e0 tous les niveaux:<\/h4>\n\n\n\n<ul><li>En premier lieu nous pouvons choisir entre le mode \u00ab\u00a0presque\u00a0\u00bb et le mode \u00ab\u00a0d\u00e9j\u00e0\u00a0\u00bb<\/li><li>Ensuite, dans le mode \u00ab\u00a0d\u00e9j\u00e0\u00a0\u00bb, nous pouvons \ud835\uddf0\ud835\uddf5\ud835\uddfc\ud835\uddf6\ud835\ude00\ud835\uddf6\ud835\uddff \ud835\uddfb\ud835\uddfc\ud835\ude01\ud835\uddff\ud835\uddf2 \ud835\uddf9\ud835\uddf6\ud835\uddf4\ud835\uddfb\ud835\uddf2 \ud835\uddf1\ud835\uddf2 \ud835\ude03\ud835\uddf6\ud835\uddf2 (l&rsquo;\u00e9tat accompli choisi), puis, au sein de cette ligne de vie, nous pouvons choisir les \ud835\uddff\ud835\uddee\ud835\uddfa\ud835\uddf6\ud835\uddf3\ud835\uddf6\ud835\uddf0\ud835\uddee\ud835\ude01\ud835\uddf6\ud835\uddfc\ud835\uddfb\ud835\ude00 (toujours en mode \u00ab\u00a0d\u00e9j\u00e0\u00a0\u00bb).<\/li><\/ul>\n\n\n\n<p>Si la ligne ou ramification que nous choisissons ne nous apporte pas la joie, nous pouvons choisir d&rsquo;en changer. Nous sommes alors imm\u00e9diatement sur la nouvelle ligne avec tout ce qui va avec (environnement, mani\u00e8re de vivre).<\/p>\n\n\n\n<p>En changeant de ligne nous changeons d&rsquo;identit\u00e9. Il n&rsquo;est pas besoin d&rsquo;aller analyser le pass\u00e9 ou de chercher \u00e0 gu\u00e9rir. Il suffit de choisir notre nouvelle ligne et donc notre nouvelle identit\u00e9. Il n&rsquo;y a plus qu&rsquo;\u00e0 observer le d\u00e9roulement des choses qui vont nous mener concr\u00e8tement \u00e0 notre nouvelle ligne.<\/p>\n\n\n\n<h4 class=\"wp-block-heading\">\ud835\udddf\ud835\uddee \ud835\uddfb\ud835\uddfc\ud835\ude01\ud835\uddf6\ud835\uddfc\ud835\uddfb \ud835\uddf1\ud835\uddf2 \ud835\uddf7\ud835\uddfc\ud835\uddf6\ud835\uddf2 intervient comme notre guide pour faire les choix:<\/h4>\n\n\n\n<ul><li>Elle intervient d&rsquo;abord dans le choix entre le mode \u00ab\u00a0presque\u00a0\u00bb et le mode \u00ab\u00a0d\u00e9j\u00e0\u00a0\u00bb: le mode \u00ab\u00a0presque\u00a0\u00bb \u00e9tant consid\u00e9r\u00e9 comme un mode peu joyeux.<\/li><li>Une fois le mode \u00ab\u00a0d\u00e9j\u00e0\u00a0\u00bb choisi, la notion de joie intervient pour choisir la ligne que nous voulons vivre ou la ramification que voulons emprunter.<\/li><\/ul>\n\n\n\n<h4 class=\"wp-block-heading\">\ud835\uddd6\ud835\uddfc\ud835\uddfa\ud835\uddfa\ud835\uddf2\ud835\uddfb\ud835\ude01 \ud835\uddf2\ud835\ude00\ud835\ude01-\ud835\uddf0\ud835\uddf2 \ud835\uddfd\ud835\uddfc\ud835\ude00\ud835\ude00\ud835\uddf6\ud835\uddef\ud835\uddf9<strong>\ud835\uddf2 ?<\/strong><\/h4>\n\n\n\n<p>C&rsquo;est le corps qui nous aide \u00e0 identifier ce qui est notre joie, ce qui va nous rendre joyeux ou non : Notre corps ressent un bien-\u00eatre quand nous envisageons ou choisissons une ligne ou une ramification \u00ab\u00a0joyeuse\u00a0\u00bb. Cela nous permet d&rsquo;identifier facilement ce qui sera ou non un choix joyeux.<br>C&rsquo;est aussi notre corps qui est capable de s&rsquo;aligner sur nos choix de ligne de vie. Nous choisissons et il se met en situation de satisfaire notre choix. Notre corps d\u00e9roulera ce qu&rsquo;il faut pour coller \u00e0 notre nouvelle ligne.<\/p>\n\n\n\n<h4 class=\"wp-block-heading\">A la suite de cette lecture, je me suis pos\u00e9 \ud835\uddfe\ud835\ude02\ud835\uddf2\ud835\uddf9\ud835\uddfe\ud835\ude02\ud835\uddf2\ud835\ude00 \ud835\uddfe\ud835\ude02\ud835\uddf2\ud835\ude00\ud835\ude01\ud835\uddf6\ud835\uddfc\ud835\uddfb\ud835\ude00 :<\/h4>\n\n\n\n<h4 class=\"wp-block-heading\">1) Le corps est plac\u00e9 en superstar dans le livre, capable de nous faire passer d&rsquo;un \u00e9tat accompli \u00e0 un autre. <\/h4>\n\n\n\n<p>En fait, le corps est tr\u00e8s fortement aid\u00e9 en cela parce qu&rsquo;en choisissant la joie, nous choisissons les valeurs de V\u00e9rit\u00e9, de Paix, d&rsquo;Amour\u2026. De ce fait, tout notre environnement concourra \u00e0 notre expression de ces valeurs universelles. Si nous avions choisi un \u00e9tat ind\u00e9pendant de ces valeurs (par exemple, \u00eatre champion de\u2026) notre corps se retrouverait bien seul pour nous amener \u00e0 ce nouvel \u00e9tat.<\/p>\n\n\n\n<h4 class=\"wp-block-heading\">2) Faire \u00ab\u00a0le choix de la joie\u00a0\u00bb peut sembler l\u00e9ger ou tr\u00e8s individualiste ou m\u00eame \u00e9go\u00efste ?<\/h4>\n\n\n\n<p>On notera d&rsquo;abord qu&rsquo;on n&rsquo;est pas sur le mode l\u00e9ger de \u00ab\u00a0recherche du plaisir imm\u00e9diat\u00a0\u00bb ! On \u00e9value ici la joie avec du recul : Il s&rsquo;agit de ressentir ce qui va nous mettre profond\u00e9ment en joie, ce qui va nous permettre de nous retrouver. Des s\u00e9ances de m\u00e9ditation peuvent par exemple nous y aider.<br>Pour l&rsquo;aspect \u00e9go\u00efsme, on en revient aux fondamentaux de toute spiritualit\u00e9 : faire le \u00ab\u00a0choix de la joie\u00a0\u00bb, c&rsquo;est faire le choix de l&rsquo;amour, c&rsquo;est retrouver son Soi, la V\u00e9rit\u00e9, la Paix, L&rsquo;Amour, la Joie, \u2026 et le partager. C&rsquo;est faire le choix de la joie pour tous.<\/p>\n\n\n\n<h4 class=\"wp-block-heading\">3) Corps, C\u0153ur, \u00c2me, Mental ? Comment s&rsquo;y retrouver ?<\/h4>\n\n\n\n<p>Un Cours d&rsquo;amour nous dit d&rsquo;\u00e9couter notre c\u0153ur. Il nous dit aussi que nous ne sommes pas notre corps. Un voyage dans l&rsquo;inconnu pr\u00e9cise que nous sommes une \u00e2me qui se d\u00e9veloppe et s&rsquo;exprime dans le monde au travers de notre corps.<br>Dans le livre \u00ab\u00a0Le choix de la joie\u00a0\u00bb, le corps semble tr\u00e8s puissant mais il y a aussi le \u00ab\u00a0je\u00a0\u00bb qui fait les choix orient\u00e9s vers la joie et ce \u00ab\u00a0je\u00a0\u00bb est d\u00e9crit comme \u00e9tant le \u00ab\u00a0Dieu en nous\u00a0\u00bb. On y retrouve donc bien le c\u0153ur, ou l&rsquo;\u00e2me ou la partie de dieu en nous des autres livres.<\/p>\n\n\n\n<p>En r\u00e9sum\u00e9, notre corps apporte des informations et des ressentis, notre c\u0153ur ou notre \u00e2me choisit un \u00e9tat accompli qui s&rsquo;accompagne de ressentis de joie, et notre corps exprime dans le monde la r\u00e9alisation du choix.<br><\/p>\n\n\n\n<h3 class=\"wp-block-heading\">Conclusion<\/h3>\n\n\n\n<p>Voil\u00e0 pour ma lecture du livre \u00ab\u00a0Le choix de la joie\u00a0\u00bb. \ud83e\udd13<br>Je dois dire qu&rsquo;il r\u00e9pond beaucoup plus qu&rsquo;attendu \u00e0 la question de mon chien lors de la promenade : \u00ab\u00a0N&rsquo;est-on pas super heureux comme cela\u00a0\u00bb ? !! \ud83d\udc15 \ud83d\udeb6 \ud83d\ude0a<br>Ce livre va-t-il bouleverser ma fa\u00e7on de vivre ? Il est en tous cas bien tentant d&rsquo;essayer de l&rsquo;appliquer \u00e0 une ramification.<\/p>\n\n\n\n<p><em>Vivreucda<\/em><\/p>\n\n\n\n<div class=\"wp-block-query is-layout-flow wp-block-query-is-layout-flow\">\n\n\n\n<div class=\"wp-block-query-no-results\">\n\n<p><\/p>\n\n<\/div><\/div>\n","protected":false},"excerpt":{"rendered":"<p>Commentaires sur le livre \u00ab\u00a0Le choix de la joie\u00a0\u00bb Livre : Le choix de la joie Auteur: Laurent L\u00e9vy Editeur: Lulu Contexte L&rsquo;autre jour je promenais mon chien \ud83d\udc15\u200d\ud83e\uddba dans un endroit bucolique et ensoleill\u00e9\ud83c\udf31\u2600\ufe0f. J&rsquo;\u00e9tais heureux et lui aussi. Je me disais que si tous les instants que je vis \u00e9taient aussi joyeux, j&rsquo;atteindrais [&hellip;]<\/p>\n","protected":false},"author":3,"featured_media":0,"parent":801,"menu_order":1,"comment_status":"closed","ping_status":"closed","template":"","meta":{"footnotes":""},"_links":{"self":[{"href":"https:\/\/iden3d.com\/spiritualite-appliquee\/wp-json\/wp\/v2\/pages\/1176"}],"collection":[{"href":"https:\/\/iden3d.com\/spiritualite-appliquee\/wp-json\/wp\/v2\/pages"}],"about":[{"href":"https:\/\/iden3d.com\/spiritualite-appliquee\/wp-json\/wp\/v2\/types\/page"}],"author":[{"embeddable":true,"href":"https:\/\/iden3d.com\/spiritualite-appliquee\/wp-json\/wp\/v2\/users\/3"}],"replies":[{"embeddable":true,"href":"https:\/\/iden3d.com\/spiritualite-appliquee\/wp-json\/wp\/v2\/comments?post=1176"}],"version-history":[{"count":15,"href":"https:\/\/iden3d.com\/spiritualite-appliquee\/wp-json\/wp\/v2\/pages\/1176\/revisions"}],"predecessor-version":[{"id":1382,"href":"https:\/\/iden3d.com\/spiritualite-appliquee\/wp-json\/wp\/v2\/pages\/1176\/revisions\/1382"}],"up":[{"embeddable":true,"href":"https:\/\/iden3d.com\/spiritualite-appliquee\/wp-json\/wp\/v2\/pages\/801"}],"wp:attachment":[{"href":"https:\/\/iden3d.com\/spiritualite-appliquee\/wp-json\/wp\/v2\/media?parent=1176"}],"curies":[{"name":"wp","href":"https:\/\/api.w.org\/{rel}","templated":true}]}}