{"id":833,"date":"2023-01-31T16:50:47","date_gmt":"2023-01-31T15:50:47","guid":{"rendered":"https:\/\/iden3d.com\/ucda\/?page_id=833"},"modified":"2023-10-23T17:52:04","modified_gmt":"2023-10-23T15:52:04","slug":"arrival","status":"publish","type":"page","link":"https:\/\/iden3d.com\/spiritualite-appliquee\/le-chemin-spirituel\/le-chemin-spirituel-2\/arrival\/","title":{"rendered":"Arrival"},"content":{"rendered":"\n<p><\/p>\n\n\n\n<blockquote class=\"wp-block-quote\"><p><em>\u00ab\u00a0Si vous lisez cette note, vous \u00eates clairement cens\u00e9 entendre parler de ce nouveau livre sans pr\u00e9c\u00e9dent intitul\u00e9\u00a0Arrival\u00a0.\u00a0Arrival est centr\u00e9e sur le soutien de Christ sur terre &#8211; Christ dans la forme, vivant en tant qu&rsquo;Amour incarn\u00e9 dans le monde mat\u00e9riel de la forme.<\/em><\/p><p><em>Le but d&rsquo;Arrival contraste radicalement avec celui de la s\u00e9rie pr\u00e9c\u00e9dente de dix-huit livres que nous connaissons sous le nom de\u00a0<a href=\"https:\/\/iden3d.com\/spiritualite-appliquee\/un-voyage-dans-linconnu\/\">A Journey Into The Unknown<\/a>\u00a0\u00a9<\/em> <em>.\u00a0Le but expr\u00e8s de la s\u00e9rie Journey est de guider tous les c\u0153urs ouverts et volontaires de la prise de conscience du Christ (Un cours en miracles) et de la Conscience du Christ (Un cours d&rsquo;amour), profond\u00e9ment et pleinement dans la Manifestation du Christ et de les soutenir dans cette transformation.\u00a0Visitez le\u00a0<a rel=\"noreferrer noopener\" href=\"http:\/\/journeyhub.cocreatingclarity.org\/\" target=\"_blank\">Journey HUB<\/a>\u00a0pour comprendre toute la port\u00e9e et le but de la s\u00e9rie de livres Journey et profitez des dix-huit livres.<\/em>\u00ab\u00a0<\/p><cite><em>\u00a92021-2022 Richard Curtis Greathouse, Arrival &nbsp;&nbsp;<a href=\"http:\/\/arrival.cocreatingclarity.org\/\" target=\"_blank\" rel=\"noreferrer noopener\">http:\/\/Arrival.CoCreatingClarity.org<\/a><\/em><\/cite><\/blockquote>\n\n\n\n<p><\/p>\n","protected":false},"excerpt":{"rendered":"<p>\u00ab\u00a0Si vous lisez cette note, vous \u00eates clairement cens\u00e9 entendre parler de ce nouveau livre sans pr\u00e9c\u00e9dent intitul\u00e9\u00a0Arrival\u00a0.\u00a0Arrival est centr\u00e9e sur le soutien de Christ sur terre &#8211; Christ dans la forme, vivant en tant qu&rsquo;Amour incarn\u00e9 dans le monde mat\u00e9riel de la forme. Le but d&rsquo;Arrival contraste radicalement avec celui de la s\u00e9rie pr\u00e9c\u00e9dente [&hellip;]<\/p>\n","protected":false},"author":3,"featured_media":0,"parent":1198,"menu_order":3,"comment_status":"closed","ping_status":"closed","template":"","meta":{"footnotes":""},"_links":{"self":[{"href":"https:\/\/iden3d.com\/spiritualite-appliquee\/wp-json\/wp\/v2\/pages\/833"}],"collection":[{"href":"https:\/\/iden3d.com\/spiritualite-appliquee\/wp-json\/wp\/v2\/pages"}],"about":[{"href":"https:\/\/iden3d.com\/spiritualite-appliquee\/wp-json\/wp\/v2\/types\/page"}],"author":[{"embeddable":true,"href":"https:\/\/iden3d.com\/spiritualite-appliquee\/wp-json\/wp\/v2\/users\/3"}],"replies":[{"embeddable":true,"href":"https:\/\/iden3d.com\/spiritualite-appliquee\/wp-json\/wp\/v2\/comments?post=833"}],"version-history":[{"count":8,"href":"https:\/\/iden3d.com\/spiritualite-appliquee\/wp-json\/wp\/v2\/pages\/833\/revisions"}],"predecessor-version":[{"id":1264,"href":"https:\/\/iden3d.com\/spiritualite-appliquee\/wp-json\/wp\/v2\/pages\/833\/revisions\/1264"}],"up":[{"embeddable":true,"href":"https:\/\/iden3d.com\/spiritualite-appliquee\/wp-json\/wp\/v2\/pages\/1198"}],"wp:attachment":[{"href":"https:\/\/iden3d.com\/spiritualite-appliquee\/wp-json\/wp\/v2\/media?parent=833"}],"curies":[{"name":"wp","href":"https:\/\/api.w.org\/{rel}","templated":true}]}}