{"id":842,"date":"2023-01-31T17:07:33","date_gmt":"2023-01-31T16:07:33","guid":{"rendered":"https:\/\/iden3d.com\/ucda\/?page_id=842"},"modified":"2023-03-08T17:08:46","modified_gmt":"2023-03-08T16:08:46","slug":"un-cours-en-miracles","status":"publish","type":"page","link":"https:\/\/iden3d.com\/spiritualite-appliquee\/le-chemin-spirituel\/le-chemin-spirituel-2\/un-cours-en-miracles\/","title":{"rendered":"Un Cours En Miracles"},"content":{"rendered":"\n<p>Quoi de mieux qu&rsquo;un extrait de la pr\u00e9face pour pr\u00e9senter ce livre :<\/p>\n\n\n\n<p>\u00ab\u00a0D\u2019o\u00f9 il vient <\/p>\n\n\n\n<p>\u00c0 l\u2019origine d\u2019Un cours en miracles, il y a deux personnes prenant la d\u00e9cision soudaine de se joindre dans un but commun. Ils s\u2019appelaient Helen Schucman et William Thetford et ils \u00e9taient professeurs de psychologie m\u00e9dicale au College of Physicians and Surgeons de l\u2019Universit\u00e9 Columbia dans la ville de New York. Peu importe qui ils \u00e9taient, sauf que l\u2019histoire montre qu\u2019avec Dieu toutes choses sont possibles. Ils n\u2019avaient pas d\u2019int\u00e9r\u00eat pour la spiritualit\u00e9. <\/p>\n\n\n\n<p>Leur relation \u00e9tait difficile et souvent tendue, et ils se pr\u00e9occupaient surtout d\u2019\u00eatre accept\u00e9s et reconnus sur les plans personnel et professionnel. En g\u00e9n\u00e9ral, ils avaient beaucoup investi dans les valeurs de ce monde. Leurs vies ne s\u2019accordaient gu\u00e8re avec ce que le Cours pr\u00e9conise. Helen, celle \u00e0 qui le Cours fut dict\u00e9, se d\u00e9crit elle-m\u00eame: <\/p>\n\n\n\n<blockquote class=\"wp-block-quote\"><p>Psychologue, \u00e9ducatrice, conformiste en th\u00e9orie et ath\u00e9e en croyance, je travaillais dans un milieu universitaire fort prestigieux. Et puis quelque chose arriva qui d\u00e9clencha une s\u00e9rie d\u2019\u00e9v\u00e9nements que je n\u2019aurais jamais pu pr\u00e9voir. Le chef de mon d\u00e9partement m\u2019annon\u00e7a \u00e0 l\u2019improviste qu\u2019il \u00e9tait fatigu\u00e9 des sentiments de col\u00e8re et d\u2019agressivit\u00e9 que nos attitudes refl\u00e9taient, et il conclut qu\u2019il devait y avoir \u00abune autre voie\u00bb. Comme si j\u2019avais attendu ce signal, je consentis \u00e0 l\u2019aider \u00e0 la trouver. Apparemment, le Cours est cette autre voie. <\/p><\/blockquote>\n\n\n\n<p><em>Bien que leur intention f\u00fbt s\u00e9rieuse, ils eurent beaucoup de difficult\u00e9 \u00e0 se lancer dans cette entreprise commune. Mais ils avaient offert au Saint-Esprit le \u00abpetit d\u00e9sir\u00bb qui, comme le Cours allait le souligner maintes et maintes fois, suffit pour Lui permettre d\u2019utiliser toute situation \u00e0 Ses propres fins en la dotant de Sa puissance.<\/em>\u00ab\u00a0<\/p>\n\n\n\n<p><strong>Schucman, Scribed by Dr. Helen. UN COURS EN MIRACLES (French Edition) (pp. 47-48). Foundation For Inner Peace. \u00c9dition du Kindle.<\/strong><\/p>\n\n\n\n<p>Lien pour se procurer le livre  (tr\u00e8s accessible en format num\u00e9rique):  En version num\u00e9rique ou papier:   <a rel=\"noreferrer noopener\" href=\"https:\/\/www.amazon.fr\/COURS-MIRACLES-Helen-Schucman-Scribe-ebook\/dp\/B016CAERHS\/ref=sr_1_1?adgrpid=61688950928&amp;gclid=CjwKCAiAleOeBhBdEiwAfgmXf7T1Ntl9anohOgG9JkZ1MJN6ZwZo0YgpjW9ftvxIeqYe-G8trSfDsRoCM1YQAvD_BwE&amp;hvadid=275310426636&amp;hvdev=c&amp;hvlocphy=9056256&amp;hvnetw=g&amp;hvqmt=e&amp;hvrand=12142651816913705824&amp;hvtargid=kwd-300588458563&amp;hydadcr=17903_1756296&amp;keywords=un+cours+en+miracles&amp;qid=1675180948&amp;sr=8-1\" target=\"_blank\"><em>Un Cours En Miracles<\/em><\/a><\/p>\n\n\n\n<p><\/p>\n\n\n\n<p><\/p>\n","protected":false},"excerpt":{"rendered":"<p>Quoi de mieux qu&rsquo;un extrait de la pr\u00e9face pour pr\u00e9senter ce livre : \u00ab\u00a0D\u2019o\u00f9 il vient \u00c0 l\u2019origine d\u2019Un cours en miracles, il y a deux personnes prenant la d\u00e9cision soudaine de se joindre dans un but commun. Ils s\u2019appelaient Helen Schucman et William Thetford et ils \u00e9taient professeurs de psychologie m\u00e9dicale au College of [&hellip;]<\/p>\n","protected":false},"author":3,"featured_media":0,"parent":1198,"menu_order":0,"comment_status":"closed","ping_status":"closed","template":"","meta":{"footnotes":""},"_links":{"self":[{"href":"https:\/\/iden3d.com\/spiritualite-appliquee\/wp-json\/wp\/v2\/pages\/842"}],"collection":[{"href":"https:\/\/iden3d.com\/spiritualite-appliquee\/wp-json\/wp\/v2\/pages"}],"about":[{"href":"https:\/\/iden3d.com\/spiritualite-appliquee\/wp-json\/wp\/v2\/types\/page"}],"author":[{"embeddable":true,"href":"https:\/\/iden3d.com\/spiritualite-appliquee\/wp-json\/wp\/v2\/users\/3"}],"replies":[{"embeddable":true,"href":"https:\/\/iden3d.com\/spiritualite-appliquee\/wp-json\/wp\/v2\/comments?post=842"}],"version-history":[{"count":10,"href":"https:\/\/iden3d.com\/spiritualite-appliquee\/wp-json\/wp\/v2\/pages\/842\/revisions"}],"predecessor-version":[{"id":1111,"href":"https:\/\/iden3d.com\/spiritualite-appliquee\/wp-json\/wp\/v2\/pages\/842\/revisions\/1111"}],"up":[{"embeddable":true,"href":"https:\/\/iden3d.com\/spiritualite-appliquee\/wp-json\/wp\/v2\/pages\/1198"}],"wp:attachment":[{"href":"https:\/\/iden3d.com\/spiritualite-appliquee\/wp-json\/wp\/v2\/media?parent=842"}],"curies":[{"name":"wp","href":"https:\/\/api.w.org\/{rel}","templated":true}]}}